{"id":45,"date":"2025-04-05T13:19:08","date_gmt":"2025-04-05T16:19:08","guid":{"rendered":"https:\/\/lawngreen-goldfish-336180.hostingersite.com\/?page_id=45"},"modified":"2025-04-10T10:26:34","modified_gmt":"2025-04-10T13:26:34","slug":"fragmentos-de-uma-tradicao","status":"publish","type":"page","link":"https:\/\/pablopinheiro.com\/en\/pessoal\/fragmentos-de-uma-tradicao\/","title":{"rendered":"Fragmentos de uma Tradi\u00e7\u00e3o"},"content":{"rendered":"<figure class=\"wp-block-image size-large\"><img fetchpriority=\"high\" decoding=\"async\" width=\"1024\" height=\"239\" src=\"https:\/\/lawngreen-goldfish-336180.hostingersite.com\/wp-content\/uploads\/2025\/04\/LogoFragmentos-1024x239.avif\" alt=\"\" class=\"wp-image-382\" srcset=\"https:\/\/www.pablopinheiro.com\/wp-content\/uploads\/2025\/04\/LogoFragmentos-1024x239.avif 1024w, https:\/\/www.pablopinheiro.com\/wp-content\/uploads\/2025\/04\/LogoFragmentos-300x70.avif 300w, https:\/\/www.pablopinheiro.com\/wp-content\/uploads\/2025\/04\/LogoFragmentos-768x179.avif 768w, https:\/\/www.pablopinheiro.com\/wp-content\/uploads\/2025\/04\/LogoFragmentos-18x4.avif 18w, https:\/\/www.pablopinheiro.com\/wp-content\/uploads\/2025\/04\/LogoFragmentos-500x117.avif 500w, https:\/\/www.pablopinheiro.com\/wp-content\/uploads\/2025\/04\/LogoFragmentos-800x187.avif 800w, https:\/\/www.pablopinheiro.com\/wp-content\/uploads\/2025\/04\/LogoFragmentos.avif 1200w\" sizes=\"(max-width: 1024px) 100vw, 1024px\" \/><\/figure>\n\n\n\n<p>&#8220;Fragmentos de uma tradi\u00e7\u00e3o&#8221; foi o primeiro resultado da pesquisa sobre a figura do vaqueiro tradicional nordestino.<\/p>\n\n\n\n<p>In the first instance, we made an edition of the exhibition for Natal, Caic\u00f3, and Mossor\u00f3, all in Rio Grande do Norte. And in 2013, with the BNB Cultural award, we made a second edition of the project for circulation and workshops, expanding to 03 new cities in RN and 03 more cities in the neighboring state of Para\u00edba.<\/p>\n\n\n\n<figure class=\"wp-block-embed is-type-video is-provider-youtube wp-block-embed-youtube wp-embed-aspect-16-9 wp-has-aspect-ratio\"><div class=\"wp-block-embed__wrapper\">\n<iframe title=\"Resumo do projeto &quot;Fragmentos de uma tradi\u00e7\u00e3o&quot; em 2013\" width=\"900\" height=\"506\" src=\"https:\/\/www.youtube.com\/embed\/zLpINP39zkw?feature=oembed\" frameborder=\"0\" allow=\"accelerometer; autoplay; clipboard-write; encrypted-media; gyroscope; picture-in-picture; web-share\" referrerpolicy=\"strict-origin-when-cross-origin\" allowfullscreen><\/iframe>\n<\/div><\/figure>\n\n\n\n<p><\/p>","protected":false},"excerpt":{"rendered":"<p>&#8220;Fragmentos de uma tradi\u00e7\u00e3o&#8221; foi o primeiro resultado da pesquisa sobre a figura do vaqueiro tradicional nordestino. No primeiro momento fizemos uma edi\u00e7\u00e3o da exposi\u00e7\u00e3o para Natal, Caic\u00f3 e Mossor\u00f3, todas no Rio Grande do Norte. E em 2013, com o pr\u00eamio do BNB Cultural, fizemos uma segunda edi\u00e7\u00e3o para&#8230; <\/p>\n<div class=\"readmore\"><a href=\"https:\/\/pablopinheiro.com\/en\/pessoal\/fragmentos-de-uma-tradicao\/\" class=\"btn-link\">Read more<\/a><\/div>","protected":false},"author":1,"featured_media":0,"parent":155,"menu_order":0,"comment_status":"closed","ping_status":"closed","template":"","meta":{"_acf_changed":false,"footnotes":""},"class_list":["post-45","page","type-page","status-publish","hentry"],"acf":[],"_links":{"self":[{"href":"https:\/\/pablopinheiro.com\/en\/wp-json\/wp\/v2\/pages\/45","targetHints":{"allow":["GET"]}}],"collection":[{"href":"https:\/\/pablopinheiro.com\/en\/wp-json\/wp\/v2\/pages"}],"about":[{"href":"https:\/\/pablopinheiro.com\/en\/wp-json\/wp\/v2\/types\/page"}],"author":[{"embeddable":true,"href":"https:\/\/pablopinheiro.com\/en\/wp-json\/wp\/v2\/users\/1"}],"replies":[{"embeddable":true,"href":"https:\/\/pablopinheiro.com\/en\/wp-json\/wp\/v2\/comments?post=45"}],"version-history":[{"count":4,"href":"https:\/\/pablopinheiro.com\/en\/wp-json\/wp\/v2\/pages\/45\/revisions"}],"predecessor-version":[{"id":405,"href":"https:\/\/pablopinheiro.com\/en\/wp-json\/wp\/v2\/pages\/45\/revisions\/405"}],"up":[{"embeddable":true,"href":"https:\/\/pablopinheiro.com\/en\/wp-json\/wp\/v2\/pages\/155"}],"wp:attachment":[{"href":"https:\/\/pablopinheiro.com\/en\/wp-json\/wp\/v2\/media?parent=45"}],"curies":[{"name":"wp","href":"https:\/\/api.w.org\/{rel}","templated":true}]}}

Fragmentos de uma Tradição

<figure class="wp-block-image size-large"><img fetchpriority="high" decoding="async" width="1024" height="239" src="https://lawngreen-goldfish-336180.hostingersite.com/wp-content/uploads/2025/04/LogoFragmentos-1024x239.avif" alt="" class="wp-image-382" srcset="https://www.pablopinheiro.com/wp-content/uploads/2025/04/LogoFragmentos-1024x239.avif 1024w, https://www.pablopinheiro.com/wp-content/uploads/2025/04/LogoFragmentos-300x70.avif 300w, https://www.pablopinheiro.com/wp-content/uploads/2025/04/LogoFragmentos-768x179.avif 768w, https://www.pablopinheiro.com/wp-content/uploads/2025/04/LogoFragmentos-18x4.avif 18w, https://www.pablopinheiro.com/wp-content/uploads/2025/04/LogoFragmentos-500x117.avif 500w, https://www.pablopinheiro.com/wp-content/uploads/2025/04/LogoFragmentos-800x187.avif 800w, https://www.pablopinheiro.com/wp-content/uploads/2025/04/LogoFragmentos.avif 1200w" sizes="(max-width: 1024px) 100vw, 1024px" /></figure>



<p>&#8220;Fragmentos de uma tradição&#8221; foi o primeiro resultado da pesquisa sobre a figura do vaqueiro tradicional nordestino.</p>



<p>In the first instance, we made an edition of the exhibition for Natal, Caicó, and Mossoró, all in Rio Grande do Norte. And in 2013, with the BNB Cultural award, we made a second edition of the project for circulation and workshops, expanding to 03 new cities in RN and 03 more cities in the neighboring state of Paraíba.</p>



<figure class="wp-block-embed is-type-video is-provider-youtube wp-block-embed-youtube wp-embed-aspect-16-9 wp-has-aspect-ratio"><div class="wp-block-embed__wrapper">
<iframe title="Resumo do projeto &quot;Fragmentos de uma tradição&quot; em 2013" width="900" height="506" src="https://www.youtube.com/embed/zLpINP39zkw?feature=oembed" frameborder="0" allow="accelerometer; autoplay; clipboard-write; encrypted-media; gyroscope; picture-in-picture; web-share" referrerpolicy="strict-origin-when-cross-origin" allowfullscreen></iframe>
</div></figure>



<p></p>

<p>&#8220;Fragmentos de uma tradição&#8221; foi o primeiro resultado da pesquisa sobre a figura do vaqueiro tradicional nordestino. No primeiro momento fizemos uma edição da exposição para Natal, Caicó e Mossoró, todas no Rio Grande do Norte. E em 2013, com o prêmio do BNB Cultural, fizemos uma segunda edição para&#8230; </p>
<div class="readmore"><a href="https://pablopinheiro.com/en/pessoal/fragmentos-de-uma-tradicao/" class="btn-link">Read more</a></div>
